 977.
447
What is the remainder when 162854 is divided by 51349?
8807
Calculate the remainder when 1542215 is divided by 61688.
15
What is the remainder when 156088 is divided by 77974?
140
What is the remainder when 22031807 is divided by 917991?
23
What is the remainder when 18750 is divided by 2084?
2078
What is the remainder when 160263 is divided by 3915?
3663
What is the remainder when 1080412 is divided by 2131?
2126
What is the remainder when 13127477 is divided by 273?
272
Calculate the remainder when 246996 is divided by 2166.
72
Calculate the remainder when 28687072 is divided by 1024537.
36
What is the remainder when 14660025 is divided by 2094289?
2
Calculate the remainder when 3597860 is divided by 103.
70
What is the remainder when 46330153 is divided by 4428?
4417
What is the remainder when 28222 is divided by 1605?
937
What is the remainder when 101275 is divided by 2999?
2308
Calculate the remainder when 1716452 is divided by 31208.
12
What is the remainder when 1616657 is divided by 1616634?
23
What is the remainder when 670219 is divided by 1117?
19
Calculate the remainder when 5872893 is divided by 26.
13
What is the remainder when 206700767 is divided by 17?
11
What is the remainder when 1936261 is divided by 2330?
31
Calculate the remainder when 145430 is divided by 790.
70
What is the remainder when 291525 is divided by 895?
650
Calculate the remainder when 149398 is divided by 48943.
2569
What is the remainder when 5240391 is divided by 13368?
135
Calculate the remainder when 11792 is divided by 2063.
1477
What is the remainder when 65782925 is divided by 21927637?
14
What is the remainder when 114339353 is divided by 38113114?
11
Calculate the remainder when 815376 is divided by 815367.
9
What is the remainder when 130144 is divided by 32503?
132
What is the remainder when 14198 is divided by 768?
374
What is the remainder when 26775 is divided by 10308?
6159
What is the remainder when 76430 is divided by 7526?
1170
Calculate the remainder when 1896526 is divided by 477.
451
What is the remainder when 1268017 is divided by 124?
117
Calculate the remainder when 63440 is divided by 1277.
867
What is the remainder when 169880 is divided by 15371?
799
What is the remainder when 33540279 is divided by 1336?
1335
What is the remainder when 989299 is divided by 3805?
3804
What is the remainder when 326987105 is divided by 14?
11
Calculate the remainder when 55908101 is divided by 7.
4
What is the remainder when 59979411 is divided by 22?
19
Calculate the remainder when 1014475 is divided by 507144.
187
What is the remainder when 63689 is divided by 19926?
3911
What is the remainder when 558119 is divided by 481?
159
Calculate the remainder when 410467 is divided by 102614.
11
Calculate the remainder when 111390 is divided by 2926.
202
Calculate the remainder when 46300 is divided by 5607.
1444
What is the remainder when 54342718 is divided by 6169?
6166
Calculate the remainder when 22250 is divided by 11007.
236
Calculate the remainder when 1419 is divided by 642.
135
Calculate the remainder when 47257 is divided by 199.
94
What is the remainder when 1115351 is divided by 548?
171
What is the remainder when 1185613 is divided by 860?
533
Calculate the remainder when 243134317 is divided by 203.
202
Calculate the remainder when 21969 is divided by 5370.
489
Calculate the remainder when 58587 is divided by 3.
0
What is the remainder when 497401 is divided by 29?
22
What is the remainder when 6105736 is divided by 436124?
0
What is the remainder when 42522 is divided by 3364?
2154
What is the remainder when 8966154 is divided by 1080?
1074
Calculate the remainder when 7947816 is divided by 7947805.
11
What is the remainder when 6560069 is divided by 1640014?
13
Calculate the remainder when 217789 is divided by 307.
126
What is the remainder when 1053190 is divided by 263020?
1110
What is the remainder when 3011048 is divided by 45619?
194
Calculate the remainder when 411797420 is divided by 441.
440
Calculate the remainder when 572607 is divided by 93.
6
What is the remainder when 1338163 is divided by 509?
2
What is the remainder when 641171 is divided by 160282?
43
Calculate the remainder when 1401411 is divided by 103.
96
What is the remainder when 3882637 is divided by 42666?
31
Calculate the remainder when 175125 is divided by 4418.
2823
What is the remainder when 150316214 is divided by 203?
195
What is the remainder when 302396 is divided by 151191?
14
Calculate the remainder when 45334 is divided by 192.
22
What is the remainder when 1940234 is divided by 370?
324
Calculate the remainder when 54373 is divided by 23142.
8089
What is the remainder when 387280 is divided by 19310?
1080
Calculate the remainder when 6185 is divided by 2756.
673
What is the remainder when 29360098 is divided by 1925?
1923
Calculate the remainder when 5001665 is divided by 8.
1
What is the remainder when 115965154 is divided by 89?
23
What is the remainder when 47176806 is divided by 23588394?
18
What is the remainder when 959494 is divided by 70?
4
What is the remainder when 113055 is divided by 56463?
129
What is the remainder when 357492 is divided by 1237?
1236
Calculate the remainder when 11040 is divided by 3773.
3494
Calculate the remainder when 326846 is divided by 8170.
46
What is the remainder when 498642 is divided by 498?
144
Calculate the remainder when 47288 is divided by 7309.
3434
What is the remainder when 243675444 is divided by 450?
444
Calculate the remainder when 772067 is divided by 386028.
11
Calculate the remainder when 4612586 is divided by 51.
44
What is the remainder when 79975690 is divided by 55270?
0
Calculate the remainder when 81363 is divided by 4278.
81
What is the remainder when 33225 is divided by 32304?
921
What is the remainder when 107460 is divided by 51153?
5154
Calculate the remainder when 1332443 is divided by 390.
203
What is the remainder when 187275 is divided by 10318?
1551
What is the remainder when 46945846 is divided by 2?
0
What is the remainder when 1080744 is divided by 45030?
24
What is the remainder when 8474059 is divided by 28?
27
Calculate the remainder when 124623 is divided by 20643.
765
Calculate the remainder when 3430405 is divided by 302.
289
What is the remainder when 40575983 is divided by 3738?
3731
Calculate the remainder when 6871175 is divided by 16.
7
Calculate the remainder when 83244778 is divided by 29.
17
What is the remainder when 255899322 is divided by 314?
312
Calculate the remainder when 15734461 is divided by 2526.
7
Calculate the remainder when 21970595 is divided by 1079.
1076
What is the remainder when 287832225 is divided by 147682?
7
Calculate the remainder when 23888514 is divided by 1598.
12
What is the remainder when 7232917 is divided by 307?
304
Calculate the remainder when 2194030958 is divided by 5104.
5102
Calculate the remainder when 112963 is divided by 112854.
109
What is the remainder when 726992 is divided by 34615?
77
What is the remainder when 69014 is divided by 13266?
2684
Calculate the remainder when 58662 is divided by 54486.
4176
What is the remainder when 11302838 is divided by 25572?
14
Calculate the remainder when 23670723 is divided by 28.
27
Calculate the remainder when 4316882 is divided by 8207.
0
Calculate the remainder when 11087306 is divided by 149828.
34
What is the remainder when 4312105 is divided by 1437366?
7
What is the remainder when 436348 is divided by 806?
302
What is the remainder when 80994570 is divided by 193?
190
What is the remainder when 41649489 is divided by 10?
9
Calculate the remainder when 4660129 is divided by 211824.
1
Calculate the remainder when 25365325 is divided by 13.
11
Calculate the remainder when 32592412 is divided by 5.
2
Calculate the remainder when 373849317 is divided by 988.
985
Calculate the remainder when 189847 is divided by 528.
295
Calculate the remainder when 204939396 is divided by 949.
948
Calculate the remainder when 980462 is divided by 44.
10
Calculate the remainder when 2089453 is divided by 137.
66
Calculate the remainder when 392406 is divided by 16938.
2832
Calculate the remainder when 93857 is divided by 1711.
1463
What is the remainder when 4312921 is divided by 1694?
